{"id":1477,"date":"2021-01-13T17:44:37","date_gmt":"2021-01-13T16:44:37","guid":{"rendered":"http:\/\/teasane.eu\/?page_id=1477"},"modified":"2021-04-12T08:17:38","modified_gmt":"2021-04-12T06:17:38","slug":"lautre-the","status":"publish","type":"page","link":"https:\/\/teasane.eu\/index.php\/lautre-the\/","title":{"rendered":"L&rsquo;AUTRE TH\u00c9"},"content":{"rendered":"\n<div class=\"wp-block-image\"><figure class=\"aligncenter size-large\"><img decoding=\"async\" src=\"https:\/\/teasane.eu\/wp-content\/uploads\/2021\/01\/logo-footer.jpg\" alt=\"L'AUTRE TH\u00c9, L'EMPIRE DU TH\u00c9, TEASANE, COMPTOIR DE TH\u00c9S, VENTE DES TH\u00c9S, Katrin Rougeventre \" class=\"wp-image-1478\"\/><\/figure><\/div>\n\n\n\n<p><\/p>\n\n\n\n<p class=\"has-text-align-center\">TH\u00c9S BIOLOGIQUES &amp; D&rsquo;EXCELLENCE                       <a href=\"https:\/\/www.lautrethe.com\/fr\/\" data-type=\"URL\" data-id=\"https:\/\/www.lautrethe.com\/fr\/\">https:\/\/www.lautrethe.com\/fr\/<\/a><\/p>\n\n\n\n<p><\/p>\n\n\n\n<p class=\"has-text-align-center\">RETROUVEZ LES TH\u00c9S VERTS PRIMEUR DE TEASANE DANS LES DEUX BOUTIQUES PARISIENNES <\/p>\n\n\n\n<div class=\"wp-block-image\"><figure class=\"aligncenter size-large\"><a href=\"https:\/\/www.lautrethe.com\/fr\/nous-contacter\"><img decoding=\"async\" src=\"https:\/\/teasane.eu\/wp-content\/uploads\/2021\/01\/lacharriere-lautrethe.jpg\" alt=\"L'AUTRE TH\u00c9, BOUTIQUE DE TH\u00c9S, COMPTOIR DE TH\u00c9, TEASANE, L'EMPIRE DU TH\u00c9 \" class=\"wp-image-1479\"\/><\/a><figcaption><strong>17 rue Lacharri\u00e8re &#8211; 75011 PARIS<\/strong><br>M\u00b0 : Saint-Ambroise (9) \/ Rue Saint-Maur (3)<br>T\u00e9l. : 09 81 75 12 51                                                                                                                                     DU MARDI AU SAMEDI 14h-19h30<br>LE DIMANCHE DE 15h30-19h30                                                       <a href=\"https:\/\/www.lautrethe.com\/fr\/nous-contacter\">https:\/\/www.lautrethe.com\/fr\/nous-contacter<\/a><\/figcaption><\/figure><\/div>\n\n\n\n<div class=\"wp-block-image\"><figure class=\"aligncenter size-large\"><img decoding=\"async\" src=\"https:\/\/teasane.eu\/wp-content\/uploads\/2021\/01\/daguerre-lautrethe.jpg\" alt=\"L'AUTRE TH\u00c9, TEASANE, COMPTOIR TH\u00c9S, VENTE DE TH\u00c9S, L'EMPIRE DU TH\u00c9\" class=\"wp-image-1480\"\/><figcaption><strong>32 rue Daguerre &#8211; 75014 PARIS<\/strong><br>M\u00b0 : Denfert-Rochereau (4 &#8211; 6 &#8211; RER B)<br>T\u00e9l. : 09 83 42 88 61                                                                                                                                           DU MARDI AU VENDREDI 10h30-13h30 \/15h-19h30<br>LE SAMEDI 10h30-19h30<br>LE DIMANCHE 10h30-13h30                                                      <a href=\"https:\/\/www.lautrethe.com\/fr\/nous-contacter\">https:\/\/www.lautrethe.com\/fr\/nous-contacter<\/a><\/figcaption><\/figure><\/div>\n","protected":false},"excerpt":{"rendered":"<p>TH\u00c9S BIOLOGIQUES &amp; D&rsquo;EXCELLENCE https:\/\/www.lautrethe.com\/fr\/ RETROUVEZ LES TH\u00c9S VERTS PRIMEUR DE TEASANE DANS LES DEUX BOUTIQUES PARISIENNES<\/p>\n","protected":false},"author":1,"featured_media":0,"parent":0,"menu_order":0,"comment_status":"closed","ping_status":"closed","template":"","meta":{"ocean_post_layout":"","ocean_both_sidebars_style":"","ocean_both_sidebars_content_width":0,"ocean_both_sidebars_sidebars_width":0,"ocean_sidebar":"0","ocean_second_sidebar":"0","ocean_disable_margins":"enable","ocean_add_body_class":"","ocean_shortcode_before_top_bar":"","ocean_shortcode_after_top_bar":"","ocean_shortcode_before_header":"","ocean_shortcode_after_header":"","ocean_has_shortcode":"","ocean_shortcode_after_title":"","ocean_shortcode_before_footer_widgets":"","ocean_shortcode_after_footer_widgets":"","ocean_shortcode_before_footer_bottom":"","ocean_shortcode_after_footer_bottom":"","ocean_display_top_bar":"default","ocean_display_header":"default","ocean_header_style":"","ocean_center_header_left_menu":"0","ocean_custom_header_template":"0","ocean_custom_logo":0,"ocean_custom_retina_logo":0,"ocean_custom_logo_max_width":0,"ocean_custom_logo_tablet_max_width":0,"ocean_custom_logo_mobile_max_width":0,"ocean_custom_logo_max_height":0,"ocean_custom_logo_tablet_max_height":0,"ocean_custom_logo_mobile_max_height":0,"ocean_header_custom_menu":"0","ocean_menu_typo_font_family":"0","ocean_menu_typo_font_subset":"","ocean_menu_typo_font_size":0,"ocean_menu_typo_font_size_tablet":0,"ocean_menu_typo_font_size_mobile":0,"ocean_menu_typo_font_size_unit":"px","ocean_menu_typo_font_weight":"","ocean_menu_typo_font_weight_tablet":"","ocean_menu_typo_font_weight_mobile":"","ocean_menu_typo_transform":"","ocean_menu_typo_transform_tablet":"","ocean_menu_typo_transform_mobile":"","ocean_menu_typo_line_height":0,"ocean_menu_typo_line_height_tablet":0,"ocean_menu_typo_line_height_mobile":0,"ocean_menu_typo_line_height_unit":"","ocean_menu_typo_spacing":0,"ocean_menu_typo_spacing_tablet":0,"ocean_menu_typo_spacing_mobile":0,"ocean_menu_typo_spacing_unit":"","ocean_menu_link_color":"","ocean_menu_link_color_hover":"","ocean_menu_link_color_active":"","ocean_menu_link_background":"","ocean_menu_link_hover_background":"","ocean_menu_link_active_background":"","ocean_menu_social_links_bg":"","ocean_menu_social_hover_links_bg":"","ocean_menu_social_links_color":"","ocean_menu_social_hover_links_color":"","ocean_disable_title":"default","ocean_disable_heading":"default","ocean_post_title":"","ocean_post_subheading":"","ocean_post_title_style":"","ocean_post_title_background_color":"","ocean_post_title_background":0,"ocean_post_title_bg_image_position":"","ocean_post_title_bg_image_attachment":"","ocean_post_title_bg_image_repeat":"","ocean_post_title_bg_image_size":"","ocean_post_title_height":0,"ocean_post_title_bg_overlay":0.5,"ocean_post_title_bg_overlay_color":"","ocean_disable_breadcrumbs":"default","ocean_breadcrumbs_color":"","ocean_breadcrumbs_separator_color":"","ocean_breadcrumbs_links_color":"","ocean_breadcrumbs_links_hover_color":"","ocean_display_footer_widgets":"default","ocean_display_footer_bottom":"default","ocean_custom_footer_template":"0","footnotes":""},"class_list":["post-1477","page","type-page","status-publish","hentry","entry"],"jetpack_sharing_enabled":true,"_links":{"self":[{"href":"https:\/\/teasane.eu\/index.php\/wp-json\/wp\/v2\/pages\/1477","targetHints":{"allow":["GET"]}}],"collection":[{"href":"https:\/\/teasane.eu\/index.php\/wp-json\/wp\/v2\/pages"}],"about":[{"href":"https:\/\/teasane.eu\/index.php\/wp-json\/wp\/v2\/types\/page"}],"author":[{"embeddable":true,"href":"https:\/\/teasane.eu\/index.php\/wp-json\/wp\/v2\/users\/1"}],"replies":[{"embeddable":true,"href":"https:\/\/teasane.eu\/index.php\/wp-json\/wp\/v2\/comments?post=1477"}],"version-history":[{"count":3,"href":"https:\/\/teasane.eu\/index.php\/wp-json\/wp\/v2\/pages\/1477\/revisions"}],"predecessor-version":[{"id":1573,"href":"https:\/\/teasane.eu\/index.php\/wp-json\/wp\/v2\/pages\/1477\/revisions\/1573"}],"wp:attachment":[{"href":"https:\/\/teasane.eu\/index.php\/wp-json\/wp\/v2\/media?parent=1477"}],"curies":[{"name":"wp","href":"https:\/\/api.w.org\/{rel}","templated":true}]}}