{"id":772,"date":"2020-12-28T17:49:51","date_gmt":"2020-12-28T16:49:51","guid":{"rendered":"http:\/\/teasane.eu\/?page_id=772"},"modified":"2025-11-02T17:35:52","modified_gmt":"2025-11-02T16:35:52","slug":"voyager","status":"publish","type":"page","link":"https:\/\/teasane.eu\/index.php\/voyager\/","title":{"rendered":"VOYAGER"},"content":{"rendered":"\t\t<div data-elementor-type=\"wp-page\" data-elementor-id=\"772\" class=\"elementor elementor-772\">\n\t\t\t\t\t\t<section class=\"elementor-section elementor-top-section elementor-element elementor-element-2398e22 elementor-section-content-middle elementor-section-stretched elementor-section-boxed elementor-section-height-default elementor-section-height-default\" data-id=\"2398e22\" data-element_type=\"section\" data-e-type=\"section\" data-settings=\"{&quot;stretch_section&quot;:&quot;section-stretched&quot;}\">\n\t\t\t\t\t\t<div class=\"elementor-container elementor-column-gap-no\">\n\t\t\t\t\t<div class=\"elementor-column elementor-col-100 elementor-top-column elementor-element elementor-element-5f98d99f\" data-id=\"5f98d99f\" data-element_type=\"column\" data-e-type=\"column\">\n\t\t\t<div class=\"elementor-widget-wrap elementor-element-populated\">\n\t\t\t\t\t\t<div class=\"elementor-element elementor-element-51f08354 elementor-widget elementor-widget-heading\" data-id=\"51f08354\" data-element_type=\"widget\" data-e-type=\"widget\" data-widget_type=\"heading.default\">\n\t\t\t\t<div class=\"elementor-widget-container\">\n\t\t\t\t\t<h4 class=\"elementor-heading-title elementor-size-default\">VOYAGES \u00c9V\u00c9NEMENTS - L'EMPIRE DU TH\u00c9 <\/h4>\t\t\t\t<\/div>\n\t\t\t\t<\/div>\n\t\t\t\t<div class=\"elementor-element elementor-element-6d7eea6 elementor-widget elementor-widget-heading\" data-id=\"6d7eea6\" data-element_type=\"widget\" data-e-type=\"widget\" data-widget_type=\"heading.default\">\n\t\t\t\t<div class=\"elementor-widget-container\">\n\t\t\t\t\t<h4 class=\"elementor-heading-title elementor-size-default\">KATRIN ROUGEVENTRE pour LES MAISONS DU VOYAGE<\/h4>\t\t\t\t<\/div>\n\t\t\t\t<\/div>\n\t\t\t\t\t<\/div>\n\t\t<\/div>\n\t\t\t\t\t<\/div>\n\t\t<\/section>\n\t\t\t\t<section class=\"elementor-section elementor-top-section elementor-element elementor-element-2ee065c elementor-section-stretched elementor-section-boxed elementor-section-height-default elementor-section-height-default\" data-id=\"2ee065c\" data-element_type=\"section\" data-e-type=\"section\" data-settings=\"{&quot;stretch_section&quot;:&quot;section-stretched&quot;}\">\n\t\t\t\t\t\t<div class=\"elementor-container elementor-column-gap-default\">\n\t\t\t\t\t<div class=\"elementor-column elementor-col-50 elementor-top-column elementor-element elementor-element-12f9909\" data-id=\"12f9909\" data-element_type=\"column\" data-e-type=\"column\">\n\t\t\t<div class=\"elementor-widget-wrap elementor-element-populated\">\n\t\t\t\t\t\t<div class=\"elementor-element elementor-element-48c4180 elementor-widget elementor-widget-image\" data-id=\"48c4180\" data-element_type=\"widget\" data-e-type=\"widget\" data-widget_type=\"image.default\">\n\t\t\t\t<div class=\"elementor-widget-container\">\n\t\t\t\t\t\t\t\t\t\t\t\t\t\t\t<img fetchpriority=\"high\" decoding=\"async\" width=\"768\" height=\"576\" src=\"https:\/\/teasane.eu\/wp-content\/uploads\/2025\/11\/IMG_9204-768x576.jpg\" class=\"attachment-medium_large size-medium_large wp-image-1974\" alt=\"\" srcset=\"https:\/\/teasane.eu\/wp-content\/uploads\/2025\/11\/IMG_9204-768x576.jpg 768w, https:\/\/teasane.eu\/wp-content\/uploads\/2025\/11\/IMG_9204-300x225.jpg 300w, https:\/\/teasane.eu\/wp-content\/uploads\/2025\/11\/IMG_9204.jpg 800w\" sizes=\"(max-width: 768px) 100vw, 768px\" \/>\t\t\t\t\t\t\t\t\t\t\t\t\t\t\t<\/div>\n\t\t\t\t<\/div>\n\t\t\t\t\t<\/div>\n\t\t<\/div>\n\t\t\t\t<div class=\"elementor-column elementor-col-50 elementor-top-column elementor-element elementor-element-1546206\" data-id=\"1546206\" data-element_type=\"column\" data-e-type=\"column\">\n\t\t\t<div class=\"elementor-widget-wrap elementor-element-populated\">\n\t\t\t\t\t\t<div class=\"elementor-element elementor-element-da154d9 elementor-widget elementor-widget-image\" data-id=\"da154d9\" data-element_type=\"widget\" data-e-type=\"widget\" data-widget_type=\"image.default\">\n\t\t\t\t<div class=\"elementor-widget-container\">\n\t\t\t\t\t\t\t\t\t\t\t\t\t\t\t<img decoding=\"async\" width=\"520\" height=\"390\" src=\"https:\/\/teasane.eu\/wp-content\/uploads\/2020\/12\/IMG_4095-A.jpg\" class=\"attachment-large size-large wp-image-769\" alt=\"VOYAGE \u00c9V\u00c9NEMENT, L&#039;EMPIRE DU TH\u00c9, Katrin Rougeventre\" srcset=\"https:\/\/teasane.eu\/wp-content\/uploads\/2020\/12\/IMG_4095-A.jpg 520w, https:\/\/teasane.eu\/wp-content\/uploads\/2020\/12\/IMG_4095-A-300x225.jpg 300w\" sizes=\"(max-width: 520px) 100vw, 520px\" \/>\t\t\t\t\t\t\t\t\t\t\t\t\t\t\t<\/div>\n\t\t\t\t<\/div>\n\t\t\t\t\t<\/div>\n\t\t<\/div>\n\t\t\t\t\t<\/div>\n\t\t<\/section>\n\t\t\t\t<section class=\"elementor-section elementor-top-section elementor-element elementor-element-da2df46 elementor-section-boxed elementor-section-height-default elementor-section-height-default\" data-id=\"da2df46\" data-element_type=\"section\" data-e-type=\"section\">\n\t\t\t\t\t\t<div class=\"elementor-container elementor-column-gap-default\">\n\t\t\t\t\t<div class=\"elementor-column elementor-col-100 elementor-top-column elementor-element elementor-element-da7d2b5\" data-id=\"da7d2b5\" data-element_type=\"column\" data-e-type=\"column\">\n\t\t\t<div class=\"elementor-widget-wrap elementor-element-populated\">\n\t\t\t\t\t\t<div class=\"elementor-element elementor-element-52cdcb2 elementor-widget-divider--view-line elementor-widget elementor-widget-divider\" data-id=\"52cdcb2\" data-element_type=\"widget\" data-e-type=\"widget\" data-widget_type=\"divider.default\">\n\t\t\t\t<div class=\"elementor-widget-container\">\n\t\t\t\t\t\t\t<div class=\"elementor-divider\">\n\t\t\t<span class=\"elementor-divider-separator\">\n\t\t\t\t\t\t<\/span>\n\t\t<\/div>\n\t\t\t\t\t\t<\/div>\n\t\t\t\t<\/div>\n\t\t\t\t\t<\/div>\n\t\t<\/div>\n\t\t\t\t\t<\/div>\n\t\t<\/section>\n\t\t\t\t<section class=\"elementor-section elementor-top-section elementor-element elementor-element-c7aa323 elementor-section-boxed elementor-section-height-default elementor-section-height-default\" data-id=\"c7aa323\" data-element_type=\"section\" data-e-type=\"section\">\n\t\t\t\t\t\t<div class=\"elementor-container elementor-column-gap-default\">\n\t\t\t\t\t<div class=\"elementor-column elementor-col-100 elementor-top-column elementor-element elementor-element-1af5f79\" data-id=\"1af5f79\" data-element_type=\"column\" data-e-type=\"column\">\n\t\t\t<div class=\"elementor-widget-wrap elementor-element-populated\">\n\t\t\t\t\t\t<div class=\"elementor-element elementor-element-1e03b54 elementor-widget elementor-widget-text-editor\" data-id=\"1e03b54\" data-element_type=\"widget\" data-e-type=\"widget\" data-widget_type=\"text-editor.default\">\n\t\t\t\t<div class=\"elementor-widget-container\">\n\t\t\t\t\t\t\t\t\t<p>Le th\u00e9 chinois, \u00e0 la fois unique et infiniment diversifi\u00e9, constitue le fil rouge de ces trois itin\u00e9raires qui vous conduisent dans les hauts lieux de l&rsquo;Empire du Th\u00e9. Katrin Rougeventre, sinologue et sp\u00e9cialiste de th\u00e9iculture, auteur de l&rsquo;Empire du th\u00e9, Le guide des th\u00e9s de Chine (publi\u00e9 par Michel de Maule en 2017), vous accompagne de jardins en maisons de th\u00e9, \u00e0 la d\u00e9couverte de l&rsquo;esprit du th\u00e9 et d&rsquo;une Chine \u00e9ternelle, simple et \u00e9l\u00e9gante.\u00a0<\/p>\t\t\t\t\t\t\t\t<\/div>\n\t\t\t\t<\/div>\n\t\t\t\t\t<\/div>\n\t\t<\/div>\n\t\t\t\t\t<\/div>\n\t\t<\/section>\n\t\t\t\t<section class=\"elementor-section elementor-top-section elementor-element elementor-element-4d14f03 elementor-section-boxed elementor-section-height-default elementor-section-height-default\" data-id=\"4d14f03\" data-element_type=\"section\" data-e-type=\"section\">\n\t\t\t\t\t\t<div class=\"elementor-container elementor-column-gap-default\">\n\t\t\t\t\t<div class=\"elementor-column elementor-col-33 elementor-top-column elementor-element elementor-element-4db176a\" data-id=\"4db176a\" data-element_type=\"column\" data-e-type=\"column\">\n\t\t\t<div class=\"elementor-widget-wrap elementor-element-populated\">\n\t\t\t\t\t\t<div class=\"elementor-element elementor-element-40ba248 elementor-widget elementor-widget-heading\" data-id=\"40ba248\" data-element_type=\"widget\" data-e-type=\"widget\" data-widget_type=\"heading.default\">\n\t\t\t\t<div class=\"elementor-widget-container\">\n\t\t\t\t\t<h2 class=\"elementor-heading-title elementor-size-default\">LE TRIANGLE D'OR DU TH\u00c9, \nSUR LES TRACES DE ROBERT FORTUNE<\/h2>\t\t\t\t<\/div>\n\t\t\t\t<\/div>\n\t\t\t\t<div class=\"elementor-element elementor-element-62486fb elementor-widget elementor-widget-heading\" data-id=\"62486fb\" data-element_type=\"widget\" data-e-type=\"widget\" data-widget_type=\"heading.default\">\n\t\t\t\t<div class=\"elementor-widget-container\">\n\t\t\t\t\t<h2 class=\"elementor-heading-title elementor-size-default\">14 j. \/ 11 n. <\/h2>\t\t\t\t<\/div>\n\t\t\t\t<\/div>\n\t\t\t\t<div class=\"elementor-element elementor-element-82c9eaa elementor-widget elementor-widget-text-editor\" data-id=\"82c9eaa\" data-element_type=\"widget\" data-e-type=\"widget\" data-widget_type=\"text-editor.default\">\n\t\t\t\t<div class=\"elementor-widget-container\">\n\t\t\t\t\t\t\t\t\t<p><strong><em>Les \u00e9tapes :\u00a0<span style=\"font-size: 14px; color: var( --e-global-color-text );\">Shanghai, Tunxi, Qiyunshan<\/span>\u00a0 <span style=\"font-size: 14px; color: var( --e-global-color-text );\">Qimen, Jingdezhen<\/span><\/em><\/strong><\/p>\t\t\t\t\t\t\t\t<\/div>\n\t\t\t\t<\/div>\n\t\t\t\t<div class=\"elementor-element elementor-element-7ae1677 elementor-widget elementor-widget-text-editor\" data-id=\"7ae1677\" data-element_type=\"widget\" data-e-type=\"widget\" data-widget_type=\"text-editor.default\">\n\t\t\t\t<div class=\"elementor-widget-container\">\n\t\t\t\t\t\t\t\t\t<p>Des monts Qiyunshan aux Monts Wuyi, vous suivrez les pas de Robert Fortune, le c\u00e9l\u00e8bre botaniste britannique qui a boulevers\u00e9 le destin du th\u00e9. Vous traverserez les villages historiques du pays Hui, connu pour ses merveilleux terroirs, son architecture vernaculaire et sa porcelaine. C&rsquo;est l\u2019occasion de d\u00e9guster quelques grands crus, mais aussi de tenter de transformer sa propre cueillette, au cours d\u2019un atelier d\u2019initiation. Le moment fort de ce voyage est bien s\u00fbr, le s\u00e9jour \u00e0 Wuyishan, fantastique r\u00e9serve naturelle, class\u00e9e au patrimoine de l\u2019Unesco. C\u2019est ici, dans ce lieu enchanteur, h\u00e9riss\u00e9 de pics et de rochers, que sont cultiv\u00e9s, \u00e0 flan de falaise, les fameux Yancha, les th\u00e9s des rochers aux saveurs min\u00e9rales uniques.<span class=\"Apple-converted-space\">\u00a0<\/span><\/p>\t\t\t\t\t\t\t\t<\/div>\n\t\t\t\t<\/div>\n\t\t\t\t\t<\/div>\n\t\t<\/div>\n\t\t\t\t<div class=\"elementor-column elementor-col-33 elementor-top-column elementor-element elementor-element-3235da2\" data-id=\"3235da2\" data-element_type=\"column\" data-e-type=\"column\">\n\t\t\t<div class=\"elementor-widget-wrap elementor-element-populated\">\n\t\t\t\t\t\t<div class=\"elementor-element elementor-element-7ddee43 elementor-widget elementor-widget-heading\" data-id=\"7ddee43\" data-element_type=\"widget\" data-e-type=\"widget\" data-widget_type=\"heading.default\">\n\t\t\t\t<div class=\"elementor-widget-container\">\n\t\t\t\t\t<h2 class=\"elementor-heading-title elementor-size-default\">GUIZHOU, \nLES TERRASSES DU TH\u00c9<\/h2>\t\t\t\t<\/div>\n\t\t\t\t<\/div>\n\t\t\t\t<div class=\"elementor-element elementor-element-9353286 elementor-widget elementor-widget-heading\" data-id=\"9353286\" data-element_type=\"widget\" data-e-type=\"widget\" data-widget_type=\"heading.default\">\n\t\t\t\t<div class=\"elementor-widget-container\">\n\t\t\t\t\t<h2 class=\"elementor-heading-title elementor-size-default\">12 j. \/ 9 n. <\/h2>\t\t\t\t<\/div>\n\t\t\t\t<\/div>\n\t\t\t\t<div class=\"elementor-element elementor-element-68bc84c elementor-widget elementor-widget-text-editor\" data-id=\"68bc84c\" data-element_type=\"widget\" data-e-type=\"widget\" data-widget_type=\"text-editor.default\">\n\t\t\t\t<div class=\"elementor-widget-container\">\n\t\t\t\t\t\t\t\t\t<p><strong><em>Les \u00e9tapes : Guiyang, Zunyi, Duyun, Sansheng, Guilin<\/em><\/strong><\/p>\t\t\t\t\t\t\t\t<\/div>\n\t\t\t\t<\/div>\n\t\t\t\t<div class=\"elementor-element elementor-element-dcdd96b elementor-widget elementor-widget-text-editor\" data-id=\"dcdd96b\" data-element_type=\"widget\" data-e-type=\"widget\" data-widget_type=\"text-editor.default\">\n\t\t\t\t<div class=\"elementor-widget-container\">\n\t\t\t\t\t\t\t\t\t<p>Adoss\u00e9 au Yunnan \u00e0 l\u2019ouest et au Sichuan au nord, le Guizhou forme un plateau montagneux, aux reliefs karstiques peu \u00e9lev\u00e9s mais extr\u00eamement accident\u00e9s. D\u2019un acc\u00e8s difficile, cette r\u00e9gion reste l\u2019une des plus isol\u00e9es, et parmi les moins visit\u00e9es de Chine. Ce parcours insolite, &nbsp;traverse des panoramas \u00e0 couper le souffle et des bourgs anciens \u00e0 l\u2019histoire captivante, jusqu\u2019\u00e0 notre g\u00eete, plant\u00e9 au beau milieu d\u2019une plantation, dans un environnement naturel, pr\u00e9serv\u00e9 de toute pollution. La visite des terroirs, conduit, entre nuages et brumes, dans des jardins d\u2019altitude et des for\u00eats de Camellia \u00ab&nbsp;sauvages&nbsp;\u00bb, \u00e0 la rencontre des sculpteurs de montagne, les Miao, les Zhuang, les Dong, les Buyi, des minorit\u00e9s impliqu\u00e9es dans la th\u00e9iculture depuis toujours.<span class=\"Apple-converted-space\">&nbsp;<\/span><\/p>\t\t\t\t\t\t\t\t<\/div>\n\t\t\t\t<\/div>\n\t\t\t\t\t<\/div>\n\t\t<\/div>\n\t\t\t\t<div class=\"elementor-column elementor-col-33 elementor-top-column elementor-element elementor-element-7f65802\" data-id=\"7f65802\" data-element_type=\"column\" data-e-type=\"column\">\n\t\t\t<div class=\"elementor-widget-wrap elementor-element-populated\">\n\t\t\t\t\t\t<div class=\"elementor-element elementor-element-ec47843 elementor-widget elementor-widget-heading\" data-id=\"ec47843\" data-element_type=\"widget\" data-e-type=\"widget\" data-widget_type=\"heading.default\">\n\t\t\t\t<div class=\"elementor-widget-container\">\n\t\t\t\t\t<h2 class=\"elementor-heading-title elementor-size-default\">FUJIAN, \nAU PAYS DES DRAGONS NOIRS <\/h2>\t\t\t\t<\/div>\n\t\t\t\t<\/div>\n\t\t\t\t<div class=\"elementor-element elementor-element-99965cd elementor-widget elementor-widget-heading\" data-id=\"99965cd\" data-element_type=\"widget\" data-e-type=\"widget\" data-widget_type=\"heading.default\">\n\t\t\t\t<div class=\"elementor-widget-container\">\n\t\t\t\t\t<h2 class=\"elementor-heading-title elementor-size-default\">13 j. \/ 10 n. <\/h2>\t\t\t\t<\/div>\n\t\t\t\t<\/div>\n\t\t\t\t<div class=\"elementor-element elementor-element-0583098 elementor-widget elementor-widget-text-editor\" data-id=\"0583098\" data-element_type=\"widget\" data-e-type=\"widget\" data-widget_type=\"text-editor.default\">\n\t\t\t\t<div class=\"elementor-widget-container\">\n\t\t\t\t\t\t\t\t\t<p><em><strong>Les \u00e9tapes : Fuzhou, Anxi, Hua\u2019an, Zhangping, Yongding, Xiamen<\/strong><\/em><\/p>\t\t\t\t\t\t\t\t<\/div>\n\t\t\t\t<\/div>\n\t\t\t\t<div class=\"elementor-element elementor-element-0da86ac elementor-widget elementor-widget-text-editor\" data-id=\"0da86ac\" data-element_type=\"widget\" data-e-type=\"widget\" data-widget_type=\"text-editor.default\">\n\t\t\t\t<div class=\"elementor-widget-container\">\n\t\t\t\t\t\t\t\t\t<p>Il y a plusieurs si\u00e8cles, partirent du Fujian les premi\u00e8res caisses de \u00abtay\u00bb, une plante qui allait conqu\u00e9rir la plan\u00e8te pour devenir la boisson la plus consomm\u00e9e apr\u00e8s l\u2019eau : le th\u00e9. Cette travers\u00e9e du Fujian, dans le Midi de la Chine, vous emm\u00e8ne notamment dans la r\u00e9gion de Anxi, sur les terres d\u2019origine du Tieguanyin. De march\u00e9s en villages, vous tentez d\u2019identifier les nombreux cultivars et de percer les secrets de fabrication des wulong, cette famille de th\u00e9s bleu-vert parmi les plus complexes et les plus embl\u00e9matiques de Chine. En chemin, vous d\u00e9couvrez l\u2019architecture insolite des Tulou, les c\u00e9l\u00e8bres villages forteresses Hakka, puis Xiamen, l\u2019ancien Amoy des concessions \u00e9trang\u00e8res. Un voyage inoubliable !<span class=\"Apple-converted-space\">&nbsp;<\/span><\/p>\t\t\t\t\t\t\t\t<\/div>\n\t\t\t\t<\/div>\n\t\t\t\t\t<\/div>\n\t\t<\/div>\n\t\t\t\t\t<\/div>\n\t\t<\/section>\n\t\t\t\t<\/div>\n\t\t","protected":false},"excerpt":{"rendered":"<p>VOYAGES \u00c9V\u00c9NEMENTS &#8211; L&rsquo;EMPIRE DU TH\u00c9 KATRIN ROUGEVENTRE pour LES MAISONS DU VOYAGE Le th\u00e9 chinois, \u00e0 la fois unique et infiniment diversifi\u00e9, constitue le fil rouge de ces trois itin\u00e9raires qui vous conduisent dans les hauts lieux de l&rsquo;Empire du Th\u00e9. Katrin Rougeventre, sinologue et sp\u00e9cialiste de th\u00e9iculture, auteur de l&rsquo;Empire du th\u00e9, Le [&hellip;]<\/p>\n","protected":false},"author":1,"featured_media":0,"parent":0,"menu_order":0,"comment_status":"closed","ping_status":"closed","template":"","meta":{"ocean_post_layout":"","ocean_both_sidebars_style":"","ocean_both_sidebars_content_width":0,"ocean_both_sidebars_sidebars_width":0,"ocean_sidebar":"0","ocean_second_sidebar":"0","ocean_disable_margins":"enable","ocean_add_body_class":"","ocean_shortcode_before_top_bar":"","ocean_shortcode_after_top_bar":"","ocean_shortcode_before_header":"","ocean_shortcode_after_header":"","ocean_has_shortcode":"","ocean_shortcode_after_title":"","ocean_shortcode_before_footer_widgets":"","ocean_shortcode_after_footer_widgets":"","ocean_shortcode_before_footer_bottom":"","ocean_shortcode_after_footer_bottom":"","ocean_display_top_bar":"default","ocean_display_header":"default","ocean_header_style":"","ocean_center_header_left_menu":"0","ocean_custom_header_template":"0","ocean_custom_logo":0,"ocean_custom_retina_logo":0,"ocean_custom_logo_max_width":0,"ocean_custom_logo_tablet_max_width":0,"ocean_custom_logo_mobile_max_width":0,"ocean_custom_logo_max_height":0,"ocean_custom_logo_tablet_max_height":0,"ocean_custom_logo_mobile_max_height":0,"ocean_header_custom_menu":"0","ocean_menu_typo_font_family":"0","ocean_menu_typo_font_subset":"","ocean_menu_typo_font_size":0,"ocean_menu_typo_font_size_tablet":0,"ocean_menu_typo_font_size_mobile":0,"ocean_menu_typo_font_size_unit":"px","ocean_menu_typo_font_weight":"","ocean_menu_typo_font_weight_tablet":"","ocean_menu_typo_font_weight_mobile":"","ocean_menu_typo_transform":"","ocean_menu_typo_transform_tablet":"","ocean_menu_typo_transform_mobile":"","ocean_menu_typo_line_height":0,"ocean_menu_typo_line_height_tablet":0,"ocean_menu_typo_line_height_mobile":0,"ocean_menu_typo_line_height_unit":"","ocean_menu_typo_spacing":0,"ocean_menu_typo_spacing_tablet":0,"ocean_menu_typo_spacing_mobile":0,"ocean_menu_typo_spacing_unit":"","ocean_menu_link_color":"","ocean_menu_link_color_hover":"","ocean_menu_link_color_active":"","ocean_menu_link_background":"","ocean_menu_link_hover_background":"","ocean_menu_link_active_background":"","ocean_menu_social_links_bg":"","ocean_menu_social_hover_links_bg":"","ocean_menu_social_links_color":"","ocean_menu_social_hover_links_color":"","ocean_disable_title":"default","ocean_disable_heading":"default","ocean_post_title":"","ocean_post_subheading":"","ocean_post_title_style":"","ocean_post_title_background_color":"","ocean_post_title_background":0,"ocean_post_title_bg_image_position":"","ocean_post_title_bg_image_attachment":"","ocean_post_title_bg_image_repeat":"","ocean_post_title_bg_image_size":"","ocean_post_title_height":0,"ocean_post_title_bg_overlay":0.5,"ocean_post_title_bg_overlay_color":"","ocean_disable_breadcrumbs":"default","ocean_breadcrumbs_color":"","ocean_breadcrumbs_separator_color":"","ocean_breadcrumbs_links_color":"","ocean_breadcrumbs_links_hover_color":"","ocean_display_footer_widgets":"default","ocean_display_footer_bottom":"default","ocean_custom_footer_template":"0","footnotes":""},"class_list":["post-772","page","type-page","status-publish","hentry","entry"],"jetpack_sharing_enabled":true,"_links":{"self":[{"href":"https:\/\/teasane.eu\/index.php\/wp-json\/wp\/v2\/pages\/772","targetHints":{"allow":["GET"]}}],"collection":[{"href":"https:\/\/teasane.eu\/index.php\/wp-json\/wp\/v2\/pages"}],"about":[{"href":"https:\/\/teasane.eu\/index.php\/wp-json\/wp\/v2\/types\/page"}],"author":[{"embeddable":true,"href":"https:\/\/teasane.eu\/index.php\/wp-json\/wp\/v2\/users\/1"}],"replies":[{"embeddable":true,"href":"https:\/\/teasane.eu\/index.php\/wp-json\/wp\/v2\/comments?post=772"}],"version-history":[{"count":19,"href":"https:\/\/teasane.eu\/index.php\/wp-json\/wp\/v2\/pages\/772\/revisions"}],"predecessor-version":[{"id":2027,"href":"https:\/\/teasane.eu\/index.php\/wp-json\/wp\/v2\/pages\/772\/revisions\/2027"}],"wp:attachment":[{"href":"https:\/\/teasane.eu\/index.php\/wp-json\/wp\/v2\/media?parent=772"}],"curies":[{"name":"wp","href":"https:\/\/api.w.org\/{rel}","templated":true}]}}